83 - 178 + 0*b + 2*b. Determine y(g).
-6
Suppose 26*n - 65*n = -156. Let s(d) = 47*d**2 + 9*d**3 - 54*d**2 - 7 + n*d - 8*d**3. What is s(7)?
21
Let v(m) = 19*m**3 + 13*m**2 + 64*m + 29. Let o(z) = -12*z**3 - 9*z**2 - 41*z - 20. Let q(b) = -8*o(b) - 5*v(b). Give q(-6).
3
Let f(c) = -7*c - 28 + 6*c - 3*c. Let n be f(-8). Let s(z) = -z**2 + 13*z - 12. Let d(m) = -m. Let a(g) = n*d(g) + s(g). Give a(8).
-4
Let u(j) = -j + j + 2*j - 10. Suppose 5*a + 15 = 2021*o - 2018*o, 0 = -4*o + 60. Give u(a).
2
Let j(l) = l**3 - 17*l**2 - 16*l - 26. Let m be 468/(-130)*(4 + -9). Determine j(m).
10
Let m(v) = 5*v - 2. Let i(w) = -6. Let k(t) be the first derivative of -t**2/2 - t - 9. Let n(h) = -i(h) + 4*k(h). Let x(r) = -3*m(r) - 4*n(r). What is x(6)?
4
Let m(s) = -23 + 633*s - 1372*s + 738*s. What is m(-26)?
3
Let w(u) = u - 11. Let r(d) = -2*d + 12. Let j(a) = 5*r(a) + 6*w(a). Let f(o) = -8*o - 172. Let y be f(-21). What is j(y)?
10
Suppose -3*j = -p - 11, -3*p + 16*j = 14*j - 2. Let y(t) = -2*t**2 + 16*t - 45. Determine y(p).
-13
Let q(z) be the first derivative of -2*z**2 + 3*z + 346. Suppose 4*l - 5*l = -5. What is q(l)?
-17
Suppose 228 = 117*r + 1866. Let v(u) = u**3 + 13*u**2 - 7*u - 4. Calculate v(r).
-102
Let y(w) be the first derivative of 19*w**2/2 - 624*w + 8297. What is y(33)?
3
Let o(w) = -2*w**2 + 3*w + 8. Suppose -s = 5*x + 54 - 89, 6*s + 4*x = 2. What is o(s)?
-57
Let l(g) = -g**2 - 8*g - 22. Let q be (42 + -31)*2/2*(8 - 9). Calculate l(q).
-55
Let x(c) = 11*c**2 + 710710 + 14*c**2 - 24*c - 710717 - c**3. What is x(24)?
-7
Suppose 0*p - 2 = 2*p - 2*n, 0 = 4*p + 2*n - 26. Suppose -2340 = 7335*f - 7344*f. Let o(r) = r**2 - p*r**2 + f - 261. Determine o(1).
-4
Let t(c) = 21*c**2 + 102*c - 7. Let w(z) = -2*z**2 + 130*z - 917. Let q be w(8). Calculate t(q).
8
Let h(m) = 11536*m - 11538*m + 10 - 1. Determine h(6).
-3
Suppose -732 = -175*p - 69*p. Let v(a) = 1 - a + 2*a + 2. Determine v(p).
6
Let r(y) = -y**2 - 3*y - 6. Let f = -128 + 121. Let v be -6 + (-2)/f*7. Determine r(v).
-10
Let s(x) = 11*x**2 + 3*x - 3. Let z(o) = 3*o**2 + 72*o - 154. Let r be z(-26). Determine s(r).
47
Let h(v) = -4 - 29*v + 3 + 0 + 28*v. Suppose 36 = -188*w + 179*w. What is h(w)?
3
Let a = 402 - 396. Suppose -3*q = 4*k + 1, -a*k + 7*k = 4*q + 14. Let b(g) = -2*g**2 + 2*g + 1. Give b(k).
-3
Let d(h) be the third derivative of -h**4/24 - h**3/2 + 2*h**2. Let y(z) = z**2 - 2*z + 31. Let p be y(0). Suppose 47 = -4*r + p. Calculate d(r).
1
Let y(x) = 29 + x - 1 - 34 + 3*x. What is y(7)?
22
Let o be (-2 - (-1 - 0))/((-3)/6). Let g(z) = 0*z**o - 7*z - 7*z**2 - 6 + 8*z**2 - 3*z**2. Let i be 22/(-5) - (-2)/5. Determine g(i).
-10
Let b(g) = g + 14. Suppose 6*o + 6 = -36. Let j = -7 - o. Suppose 2*h - 9*h - 77 = j. Determine b(h).
3
Let k(x) = -2*x**3 - x**2 + 1. Let p(n) = 6*n**2 + 8*n + 1. Let s(f) = 28*f - 169. Let t be s(6). Let r be p(t). What is k(r)?
2
Let i(j) = -j - j - 23 + 4*j. Let f(k) = -k + 11. Let p(y) = -5*f(y) - 2*i(y). Suppose 15*s = 24*s. What is p(s)?
-9
Let i(a) be the first derivative of 5/2*a**2 - 103 + 1/4*a**4 + 7*a - 2*a**3. What is i(5)?
7
Let l(g) = -4 + g - 62*g**2 + 60*g**2 - g**3 + 6. Suppose 4*f = 12, 2*f - 7*f = -x - 9. Suppose -3*z + x*z - 6 = 0. Give l(z).
-12
Suppose 6 - 20 = -2*w. Let t(o) = 51*o + 1 - 27*o - o**2 - 31*o + 2*o**2 + 6. What is t(w)?
7
Let j(y) = -y**2 - 3*y + 1 - 6*y**2 + 5*y - y**3. Let m = -10393 + 10387. Determine j(m).
-47
Let q(z) = 4*z**2 + z - 10. Let s(d) = 7*d**2 + 2*d - 23. Let c(w) = -5*q(w) + 3*s(w). Calculate c(6).
23
Let s(t) = 7676 + 14*t + t**3 - 12*t**2 - 15260 + 7562. Give s(11).
11
Suppose 10*j - 364 + 124 = 0. Let h(d) = d**3 + 27*d - 23*d + 27 - d**2 - j. Give h(-2).
-17
Let y be 6012/(-16)*(-8)/(-3). Let n = 990 + y. Let a(b) = -2*b - 8. Give a(n).
16
Let t(b) = b**2 - 8*b - 8. Let p(y) = -2*y - 2. Let g(v) = -3*p(v) + t(v). Let s be 0 - -4*(-12)/16. Let a = s - 0. Determine g(a).
13
Let y(u) = 44*u - 246. Let s = -6953 + 6959. Determine y(s).
18
Let b be ((-3)/4)/((-3)/8). Suppose 0 = 5*j - 4*q - 14, 2 = 2*j + 2*q. Let n(m) = 4 + m - 6*m + b*m**j - 2*m. What is n(4)?
8
Let u(w) = -w**3 - 11*w**2 - 9*w + 8. Suppose -51 - 969 = -17*i. Suppose 3 - 41 = 3*s - 4*m, -5*s + 5*m - i = 0. Give u(s).
-2
Let b(c) = -c**3 - 2*c**2 + 9*c - 10. Let k be (12/10 - 0)/((-6477)/21590). Calculate b(k).
-14
Let v(s) = -13*s**3 + 3*s + 3. Let f be (-8)/10 - 66/330. What is v(f)?
13
Let s(w) = 7*w**2 + 2*w - 3. Let i be s(1). Let m be 3/(-9)*(-8 + 5). Let t(r) = -r - 8 + 5 + m. Determine t(i).
-8
Let o(m) be the first derivative of m**4/4 + m**3 - 9*m**2/2 - 19*m + 3087. Determine o(-3).
8
Let u(o) = -o**2 + 18*o - 20. Let z(i) = -i**3 + 9*i**2 + 37*i + 5. Let b be z(12). Determine u(b).
-3
Let z(n) be the third derivative of -n**4/12 + n**3/6 - 3*n**2 + 11. Give z(-1).
3
Suppose 6*r - 7*r + 3*b = -8, 4*r + 7 = -b. Let y(d) = 6*d**3 + d**2 + 4*d + 2. What is y(r)?
-7
Let s(h) = -h**3 + 5*h**2 - 5*h - 2. Suppose 5*j - 46 = -4*b, 3 = 5*b + 8. Let z(x) = 26*x - 256. Let i be z(j). Give s(i).
-6
Let p(a) be the second derivative of a**4/12 + 11*a**3/6 + 3*a**2/2 + 2*a. Let k be 2/(24/60 + 48/(-80)). Calculate p(k).
-7
Let w(g) = -g**3 - 8*g**2 - 4*g + 9. Let z be (2*656)/2 + -2. Let x be 2/4 + z/(-12). Let m = 47 + x. Give w(m).
-12
Suppose 9 = 2*s - 5*s. Suppose -7*i = -19*i + 24. Let h(y) = -38*y**i + 0*y + 37*y**2 + 0*y - 2*y. Calculate h(s).
-3
Let p(m) be the third derivative of -19*m**4/24 - 238*m**3/3 + 10*m**2 + 33*m - 2. Give p(-25).
-1
Let q be 2/4*(3 + 7). Suppose q*o = 8 + 12. Let f be 10/15*(-6)/o. Let x(z) = -16*z. What is x(f)?
16
Let r(g) = -12*g + 98. Let d be r(6). Let m(n) = -2 - 55*n - n**2 + d*n + 31*n. Let b = -45 + 48. What is m(b)?
-5
Let m(w) = -29*w**2 - w. Suppose 0 = -47*x - 102 + 40 + 15. What is m(x)?
-28
Let u(q) = -16*q + 6. Let z(p) = -10*p + 5. Let a(x) = -x**2 - 30*x - 173. Let n be a(-8). Let v(r) = n*z(r) - 2*u(r). What is v(-10)?
-17
Suppose 115 = 6*u - u. Let i = u + -7. Let f(w) = -6*w + 23*w - 1 - i*w. Determine f(0).
-1
Let q = -14 + 21. Let p be (6/(-8))/(((-105)/40)/q). Let s(u) = -u**3 + 5*u**p - 4 + 4*u**3 + u - u**3 + 0*u. Give s(-3).
-16
Let j = 24071 - 24077. Let g(r) = -2*r**2 - 8*r + 32. Give g(j).
8
Let m(y) = -y**3 + 9*y**2 - 9*y - 3. Suppose 0 = -10*o + 6*o - 4. Let f(h) = 30*h**2 + 2*h + 2. Let r be f(o). Let z be (21 + -1)*6*2/r. Determine m(z).
-11
Let n be -1*(64/(-10) + 102/255). Let c(j) be the first derivative of -3*j**2 + 7/3*j**3 - 5*j - 1/4*j**4 - n. Give c(6).
-5
Let z(o) = -2*o + 3. Let b be 12/(-24)*(14 + 4). Let u be b/18*-5*(-24)/(-10). Determine z(u).
-9
Let k(a) = a. Let g(i) = i - 18. Let w(t) = -g(t) + 2*k(t). Let f = 313 + -329. Give w(f).
2
Let s(c) = -c**3 + 3*c**2 + 3*c + 5. Let g = 59 - 51. Suppose -4*w + g = -0*w. Let f be 7/((-126)/(-76)) - w/9. Give s(f).
1
Suppose -18*t + 13 = -21*t + 1. Let a(f) = -14*f + 8. Give a(t).
64
Let j(q) = -q**3 - q**2 + 2. Suppose -w = -4*l - 11, -7 = -5*l + 3. Suppose 0 = w*y - 13*y. Give j(y).
2
Suppose 8*z + 707 - 715 = 0. Let a(q) be the first derivative of 4*q**2 - q + 41. Calculate a(z).
7
Let j(z) = 4*z**2 + z - 1. Let v(y) = -y - 5. Let g(p) = -p - 6. Let c be (-3 - -4)/((-2)/(-14)) + -3. Let h(r) = c*v(r) - 3*g(r). Let d be h(-3). What is j(d)?
4
Let f = 13 + -14. Let q be 0*(1/2 + f). Suppose q = -0*h - h + 3. Let v(x) = -3*x. What is v(h)?
-9
Let q(x) = -4*x**2 - 4*x - 6. Let z(l) = l**2. Let a(v) = -q(v) - 5*z(v). Let r be (154/(-4))/((5 + -3)/4). Let d = -72 - r. Determine a(d).
1
Let c(n) = -n**2 - 11*n + 154. Let f be c(-19). Let g(u) = 8 - 2 + 0*u**2 - 2*u + 2*u**f - 3*u**2. Calculate g(4).
-18
Let j(m) = m**2 - 6*m + 7. Let y be ((-2)/((-12)/(-15)))/(2/4*-1). Calculate j(y).
2
Let y(i) be the third derivative of -i**6/20 - 13*i**4/24 - 7*i**3/3 + 5111*i**2. What is y(-1)?
5
Suppose 0 = 6*h - 891 + 873. Let p(c) = -c**3 + 2*c**2 - 15*c + 48. Give p(h).
-6
Let g = 61 + -97. Let m = g - -33. Let w(k) = 18*k + 0 - 4 - 19*k. What is w(m)?
-1
Let o(d) = -291 + 121 + 177 - d. What is o(-3)?
10
Let b(s) be the third derivative of -5*s**4/24 + 9*s**3 + 920*s**2. Give b(13).
-11
Let i(y) = y**3 + 13*y**2 + 13*y + 17. Let c be i(-12). Let r(w) = w**3 + 6*w**2 + w + 3. Let j(t) = 3*t**2 + 1. Let k(n) = c*j(n) - 2*r